{"id":544,"date":"2025-09-01T12:42:14","date_gmt":"2025-09-01T12:42:14","guid":{"rendered":"http:\/\/lamagiedudesert.com\/?page_id=544"},"modified":"2025-09-06T10:11:17","modified_gmt":"2025-09-06T10:11:17","slug":"sur-mesure","status":"publish","type":"page","link":"https:\/\/lamagiedudesert.com\/index.php\/sur-mesure\/","title":{"rendered":"Sur mesure"},"content":{"rendered":"\n<div class=\"wp-block-columns is-layout-flex wp-container-core-columns-is-layout-28f84493 wp-block-columns-is-layout-flex\">\n<div class=\"wp-block-column is-layout-flow wp-block-column-is-layout-flow\">\n<figure class=\"wp-block-image size-large\"><img loading=\"lazy\" decoding=\"async\" width=\"768\" height=\"1024\" src=\"http:\/\/lamagiedudesert.com\/wp-content\/uploads\/2025\/09\/WhatsApp-Image-2025-09-06-at-12.06.33-2-768x1024.jpeg\" alt=\"\" class=\"wp-image-730\" style=\"aspect-ratio:3\/2;object-fit:cover\" srcset=\"https:\/\/lamagiedudesert.com\/wp-content\/uploads\/2025\/09\/WhatsApp-Image-2025-09-06-at-12.06.33-2-768x1024.jpeg 768w, https:\/\/lamagiedudesert.com\/wp-content\/uploads\/2025\/09\/WhatsApp-Image-2025-09-06-at-12.06.33-2-225x300.jpeg 225w, https:\/\/lamagiedudesert.com\/wp-content\/uploads\/2025\/09\/WhatsApp-Image-2025-09-06-at-12.06.33-2.jpeg 960w\" sizes=\"auto, (max-width: 768px) 100vw, 768px\" \/><\/figure>\n<\/div>\n\n\n\n<div class=\"wp-block-column is-layout-flow wp-block-column-is-layout-flow\">\n<p class=\"has-text-align-left\">Vous pouvez construire votre trek sur mesure, <strong>adapt\u00e9<\/strong> \u00e0 vos <strong>besoins<\/strong> et vos <strong>envies<\/strong>. Vous pouvez choisir :<\/p>\n\n\n\n<ul class=\"wp-block-list\">\n<li><em>Nombre de jours<\/em><\/li>\n\n\n\n<li><em>Nombre de nuits en bivouac fixe<\/em><\/li>\n\n\n\n<li><em>Possibilit\u00e9 de d\u00e9couper le trajet pour Marrakech &#8211; M\u2019Hamid (aller et\/ou retour) en s\u2019arr\u00eatant une nuit dans un Riad \u00e0 Skoura (\u00e0 c\u00f4t\u00e9 de Ouarzazate)<\/em><\/li>\n\n\n\n<li><em>Difficult\u00e9 marche<\/em><\/li>\n\n\n\n<li><em>Privatisation du trek<\/em><\/li>\n\n\n\n<li><em>\u00c9v\u00e9nement sp\u00e9ciaux (nouvel an, mariage, anniversaire, etc.)<\/em><\/li>\n<\/ul>\n<\/div>\n<\/div>\n\n\n\n<div class=\"wp-block-columns is-layout-flex wp-container-core-columns-is-layout-28f84493 wp-block-columns-is-layout-flex\">\n<div class=\"wp-block-column is-layout-flow wp-block-column-is-layout-flow\"><\/div>\n\n\n\n<div class=\"wp-block-column is-layout-flow wp-block-column-is-layout-flow\">\n<div class=\"wp-block-buttons is-layout-flex wp-block-buttons-is-layout-flex\">\n<div class=\"wp-block-button\"><a class=\"wp-block-button__link has-foreground-color has-text-color has-background has-link-color has-medium-font-size has-custom-font-size wp-element-button\" href=\"http:\/\/lamagiedudesert.com\/index.php\/contact-2\/\" style=\"background-color:#f2bb13c4;padding-top:var(--wp--preset--spacing--x-small);padding-right:var(--wp--preset--spacing--x-large);padding-bottom:var(--wp--preset--spacing--x-small);padding-left:var(--wp--preset--spacing--x-large)\"><strong>Contactez-nous<\/strong><\/a><\/div>\n<\/div>\n<\/div>\n\n\n\n<div class=\"wp-block-column is-layout-flow wp-block-column-is-layout-flow\"><\/div>\n<\/div>\n\n\n\n<p><\/p>\n","protected":false},"excerpt":{"rendered":"<p>Vous pouvez construire votre trek sur mesure, adapt\u00e9 \u00e0 vos besoins et vos envies. Vous pouvez choisir :<\/p>\n","protected":false},"author":1,"featured_media":0,"parent":0,"menu_order":0,"comment_status":"closed","ping_status":"closed","template":"","meta":{"footnotes":""},"class_list":["post-544","page","type-page","status-publish","hentry"],"featured_media_urls":[],"_links":{"self":[{"href":"https:\/\/lamagiedudesert.com\/index.php\/wp-json\/wp\/v2\/pages\/544","targetHints":{"allow":["GET"]}}],"collection":[{"href":"https:\/\/lamagiedudesert.com\/index.php\/wp-json\/wp\/v2\/pages"}],"about":[{"href":"https:\/\/lamagiedudesert.com\/index.php\/wp-json\/wp\/v2\/types\/page"}],"author":[{"embeddable":true,"href":"https:\/\/lamagiedudesert.com\/index.php\/wp-json\/wp\/v2\/users\/1"}],"replies":[{"embeddable":true,"href":"https:\/\/lamagiedudesert.com\/index.php\/wp-json\/wp\/v2\/comments?post=544"}],"version-history":[{"count":9,"href":"https:\/\/lamagiedudesert.com\/index.php\/wp-json\/wp\/v2\/pages\/544\/revisions"}],"predecessor-version":[{"id":731,"href":"https:\/\/lamagiedudesert.com\/index.php\/wp-json\/wp\/v2\/pages\/544\/revisions\/731"}],"wp:attachment":[{"href":"https:\/\/lamagiedudesert.com\/index.php\/wp-json\/wp\/v2\/media?parent=544"}],"curies":[{"name":"wp","href":"https:\/\/api.w.org\/{rel}","templated":true}]}}