{"id":23,"date":"2025-08-26T14:09:37","date_gmt":"2025-08-26T14:09:37","guid":{"rendered":"http:\/\/lamagiedudesert.com\/?page_id=23"},"modified":"2025-09-04T19:42:19","modified_gmt":"2025-09-04T19:42:19","slug":"about","status":"publish","type":"page","link":"https:\/\/lamagiedudesert.com\/index.php\/about\/","title":{"rendered":"Qui sommes-nous ?"},"content":{"rendered":"\n<p class=\"has-text-align-center has-large-font-size\">Gardiens de l\u2019\u00e2me nomade, nous \u0153uvrons \u00e0 transmettre son authenticit\u00e9 intacte et vivante.<\/p>\n\n\n\n<div class=\"wp-block-columns is-layout-flex wp-container-core-columns-is-layout-28f84493 wp-block-columns-is-layout-flex\">\n<div class=\"wp-block-column is-layout-flow wp-block-column-is-layout-flow\" style=\"flex-basis:100%\">\n<p>Le <strong>d\u00e9sert<\/strong> n\u2019est pas seulement un paysage de sable et d\u2019horizons infinis. C\u2019est une <strong>terre vivante<\/strong>, un livre ouvert o\u00f9 chaque dune porte la m\u00e9moire des pas qui l\u2019ont travers\u00e9e. Depuis des g\u00e9n\u00e9rations, les nomades y tracent leur chemin, guid\u00e9s par les \u00e9toiles, le souffle du vent et la <strong>sagesse transmise autour du feu<\/strong>.<\/p>\n\n\n\n<p>Nous sommes les gardiens de cette \u00e2me nomade. Notre r\u00f4le n\u2019est pas seulement d\u2019organiser des treks, mais de <strong>pr\u00e9server<\/strong> et de <strong>transmettre<\/strong> une <strong>mani\u00e8re d\u2019\u00eatre au monde<\/strong> : <strong>marcher<\/strong> au rythme du d\u00e9sert, <strong>partager<\/strong> le th\u00e9 sous la tente, <strong>\u00e9couter<\/strong> les histoires anciennes, <strong>vibrer<\/strong> au rythme des chants et des djemb\u00e9s qui r\u00e9sonnent encore dans le silence des nuits \u00e9toil\u00e9es.<\/p>\n\n\n\n<p>Chaque voyage que nous proposons est une <strong>rencontre authentique<\/strong>, une <strong>immersion<\/strong> dans une <strong>culture fragile et pr\u00e9cieuse<\/strong>, qui vit au pr\u00e9sent tout en portant l\u2019h\u00e9ritage des si\u00e8cles. En choisissant de nous accompagner, vous ne d\u00e9couvrez pas seulement un paysage : <strong>vous entrez dans un univers o\u00f9 l\u2019humain, la nature et la spiritualit\u00e9 ne font qu\u2019un<\/strong>.<\/p>\n\n\n\n<p class=\"has-text-align-center has-medium-font-size\"><em>La<\/em> <em>Magie du D\u00e9sert<\/em>, c\u2019est <strong>l\u2019invitation \u00e0 ralentir<\/strong>, \u00e0 <strong>ressentir<\/strong>, \u00e0 marcher dans les pas des nomades pour que, le <strong>temps d\u2019un trek<\/strong>, <strong>votre c\u0153ur s\u2019accorde au souffle du sable<em> <\/em>et<em> que votre \u00e2me agisse, <\/em>simplement et avec justesse<em>.<\/em><\/strong><\/p>\n<\/div>\n<\/div>\n\n\n\n<div class=\"wp-block-columns alignwide is-layout-flex wp-container-core-columns-is-layout-28f84493 wp-block-columns-is-layout-flex\">\n<div class=\"wp-block-column is-layout-flow wp-block-column-is-layout-flow\">\n<figure class=\"wp-block-image size-large is-style-rounded\"><img loading=\"lazy\" decoding=\"async\" width=\"576\" height=\"1024\" src=\"http:\/\/lamagiedudesert.com\/wp-content\/uploads\/2025\/08\/WhatsApp-Image-2025-08-28-at-12.09.24-576x1024.jpeg\" alt=\"\" class=\"wp-image-226\" style=\"aspect-ratio:3\/2;object-fit:cover\" srcset=\"https:\/\/lamagiedudesert.com\/wp-content\/uploads\/2025\/08\/WhatsApp-Image-2025-08-28-at-12.09.24-576x1024.jpeg 576w, https:\/\/lamagiedudesert.com\/wp-content\/uploads\/2025\/08\/WhatsApp-Image-2025-08-28-at-12.09.24-169x300.jpeg 169w, https:\/\/lamagiedudesert.com\/wp-content\/uploads\/2025\/08\/WhatsApp-Image-2025-08-28-at-12.09.24.jpeg 1134w\" sizes=\"auto, (max-width: 576px) 100vw, 576px\" \/><\/figure>\n\n\n\n<p class=\"has-text-align-center has-black-color has-text-color has-medium-font-size\">Authenticit\u00e9<\/p>\n\n\n\n<p class=\"has-text-align-center has-text-color\" style=\"color:#7a7a7a\">Chaque trek est pens\u00e9 pour pr\u00e9server la v\u00e9rit\u00e9 du d\u00e9sert et ses traditions nomades. Rien n\u2019est artificiel : seulement la vie telle qu\u2019elle se transmet depuis toujours, avec le coeur.<\/p>\n\n\n\n<p><\/p>\n<\/div>\n\n\n\n<div class=\"wp-block-column is-layout-flow wp-block-column-is-layout-flow\">\n<figure class=\"wp-block-image size-large is-style-rounded\"><img loading=\"lazy\" decoding=\"async\" width=\"1024\" height=\"680\" src=\"http:\/\/lamagiedudesert.com\/wp-content\/uploads\/2025\/08\/WhatsApp-Image-2025-08-27-at-14.51.52-1-1024x680.jpeg\" alt=\"\" class=\"wp-image-144\" style=\"aspect-ratio:3\/2;object-fit:cover\" srcset=\"https:\/\/lamagiedudesert.com\/wp-content\/uploads\/2025\/08\/WhatsApp-Image-2025-08-27-at-14.51.52-1-1024x680.jpeg 1024w, https:\/\/lamagiedudesert.com\/wp-content\/uploads\/2025\/08\/WhatsApp-Image-2025-08-27-at-14.51.52-1-300x199.jpeg 300w, https:\/\/lamagiedudesert.com\/wp-content\/uploads\/2025\/08\/WhatsApp-Image-2025-08-27-at-14.51.52-1.jpeg 1300w\" sizes=\"auto, (max-width: 1024px) 100vw, 1024px\" \/><\/figure>\n\n\n\n<p class=\"has-text-align-center has-black-color has-text-color has-medium-font-size\">Transmission<\/p>\n\n\n\n<p class=\"has-text-align-center has-text-color\" style=\"color:#7a7a7a\">Nous marchons aux c\u00f4t\u00e9s des nomades, porteurs d\u2019une culture et d\u2019un savoir ancestral. Notre mission est de la partager et de la faire rayonner aupr\u00e8s de chaque voyageur.<\/p>\n<\/div>\n\n\n\n<div class=\"wp-block-column is-layout-flow wp-block-column-is-layout-flow\">\n<figure class=\"wp-block-image size-full is-style-rounded\"><img loading=\"lazy\" decoding=\"async\" width=\"1134\" height=\"2016\" src=\"http:\/\/lamagiedudesert.com\/wp-content\/uploads\/2025\/08\/WhatsApp-Image-2025-08-28-at-12.53.36.jpeg\" alt=\"\" class=\"wp-image-255\" style=\"aspect-ratio:3\/2;object-fit:cover\" srcset=\"https:\/\/lamagiedudesert.com\/wp-content\/uploads\/2025\/08\/WhatsApp-Image-2025-08-28-at-12.53.36.jpeg 1134w, https:\/\/lamagiedudesert.com\/wp-content\/uploads\/2025\/08\/WhatsApp-Image-2025-08-28-at-12.53.36-169x300.jpeg 169w, https:\/\/lamagiedudesert.com\/wp-content\/uploads\/2025\/08\/WhatsApp-Image-2025-08-28-at-12.53.36-576x1024.jpeg 576w\" sizes=\"auto, (max-width: 1134px) 100vw, 1134px\" \/><\/figure>\n\n\n\n<p class=\"has-text-align-center has-black-color has-text-color has-medium-font-size\">Partage<\/p>\n\n\n\n<p class=\"has-text-align-center has-text-color\" style=\"color:#7a7a7a\">Un th\u00e9 sous la tente, un repas au bivouac, des chansons et des percussions au coin du feu : chaque instant est une rencontre, une ouverture vers l\u2019autre, un lien tiss\u00e9 dans la simplicit\u00e9.<\/p>\n<\/div>\n<\/div>\n\n\n\n<p class=\"has-text-align-center has-large-font-size\">Vos guides<\/p>\n\n\n\n<div class=\"wp-block-group has-global-padding is-layout-constrained wp-block-group-is-layout-constrained\">\n<div class=\"wp-block-columns is-layout-flex wp-container-core-columns-is-layout-28f84493 wp-block-columns-is-layout-flex\">\n<div class=\"wp-block-column is-layout-flow wp-block-column-is-layout-flow\">\n<figure class=\"wp-block-gallery has-nested-images columns-default is-cropped wp-block-gallery-1 is-layout-flex wp-block-gallery-is-layout-flex\">\n<figure class=\"wp-block-image size-full is-style-rounded\" style=\"margin-top:0;margin-right:0;margin-bottom:0;margin-left:0\"><img loading=\"lazy\" decoding=\"async\" width=\"1810\" height=\"2560\" data-id=\"334\" src=\"http:\/\/lamagiedudesert.com\/wp-content\/uploads\/2025\/08\/IMG_1368-scaled.png\" alt=\"\" class=\"wp-image-334\" srcset=\"https:\/\/lamagiedudesert.com\/wp-content\/uploads\/2025\/08\/IMG_1368-scaled.png 1810w, https:\/\/lamagiedudesert.com\/wp-content\/uploads\/2025\/08\/IMG_1368-212x300.png 212w, https:\/\/lamagiedudesert.com\/wp-content\/uploads\/2025\/08\/IMG_1368-724x1024.png 724w, https:\/\/lamagiedudesert.com\/wp-content\/uploads\/2025\/08\/IMG_1368-2000x2829.png 2000w\" sizes=\"auto, (max-width: 1810px) 100vw, 1810px\" \/><\/figure>\n<\/figure>\n<\/div>\n\n\n\n<div class=\"wp-block-column is-layout-flow wp-block-column-is-layout-flow\">\n<figure class=\"wp-block-gallery has-nested-images columns-default is-cropped wp-block-gallery-2 is-layout-flex wp-block-gallery-is-layout-flex\">\n<figure class=\"wp-block-image alignfull size-full is-style-rounded\" style=\"margin-top:0;margin-right:0;margin-bottom:0;margin-left:0\"><img loading=\"lazy\" decoding=\"async\" width=\"1500\" height=\"2000\" data-id=\"256\" src=\"http:\/\/lamagiedudesert.com\/wp-content\/uploads\/2025\/08\/WhatsApp-Image-2025-08-28-at-13.22.12.jpeg\" alt=\"\" class=\"wp-image-256\" srcset=\"https:\/\/lamagiedudesert.com\/wp-content\/uploads\/2025\/08\/WhatsApp-Image-2025-08-28-at-13.22.12.jpeg 1500w, https:\/\/lamagiedudesert.com\/wp-content\/uploads\/2025\/08\/WhatsApp-Image-2025-08-28-at-13.22.12-225x300.jpeg 225w, https:\/\/lamagiedudesert.com\/wp-content\/uploads\/2025\/08\/WhatsApp-Image-2025-08-28-at-13.22.12-768x1024.jpeg 768w\" sizes=\"auto, (max-width: 1500px) 100vw, 1500px\" \/><\/figure>\n<\/figure>\n<\/div>\n\n\n\n<div class=\"wp-block-column is-vertically-aligned-bottom is-layout-flow wp-block-column-is-layout-flow\">\n<div class=\"wp-block-columns is-layout-flex wp-container-core-columns-is-layout-28f84493 wp-block-columns-is-layout-flex\">\n<div class=\"wp-block-column is-layout-flow wp-block-column-is-layout-flow\">\n<figure class=\"wp-block-image size-full is-style-rounded\" style=\"margin-top:0;margin-right:0;margin-bottom:var(--wp--preset--spacing--x-small);margin-left:0\"><img loading=\"lazy\" decoding=\"async\" width=\"900\" height=\"1600\" src=\"http:\/\/lamagiedudesert.com\/wp-content\/uploads\/2025\/08\/WhatsApp-Image-2025-08-28-at-19.12.48.jpeg\" alt=\"\" class=\"wp-image-339\" style=\"aspect-ratio:3\/4;object-fit:cover\" srcset=\"https:\/\/lamagiedudesert.com\/wp-content\/uploads\/2025\/08\/WhatsApp-Image-2025-08-28-at-19.12.48.jpeg 900w, https:\/\/lamagiedudesert.com\/wp-content\/uploads\/2025\/08\/WhatsApp-Image-2025-08-28-at-19.12.48-169x300.jpeg 169w, https:\/\/lamagiedudesert.com\/wp-content\/uploads\/2025\/08\/WhatsApp-Image-2025-08-28-at-19.12.48-576x1024.jpeg 576w\" sizes=\"auto, (max-width: 900px) 100vw, 900px\" \/><\/figure>\n<\/div>\n<\/div>\n<\/div>\n<\/div>\n<\/div>\n\n\n\n<div class=\"wp-block-columns is-layout-flex wp-container-core-columns-is-layout-28f84493 wp-block-columns-is-layout-flex\">\n<div class=\"wp-block-column is-layout-flow wp-block-column-is-layout-flow\">\n<p class=\"has-text-align-center has-medium-font-size\">Abidine<\/p>\n\n\n\n<p style=\"margin-top:0;margin-right:0;margin-bottom:0;margin-left:0\">Guide du d\u00e9sert et votre contact au Maroc<\/p>\n\n\n\n<p class=\"has-text-align-center has-tertiary-color has-text-color has-link-color wp-elements-b6824a6c1ef86c44e8ba6ddee0cc0b26\">N\u00e9 en plein c\u0153ur du Sahara, un jour de pluie, Abidine fait partie des derniers enfants du d\u00e9sert \u00e0 avoir connu cet h\u00e9ritage vivant. Il porte en lui les traditions, les r\u00e9cits et l\u2019esprit nomade inculqu\u00e9 par le d\u00e9sert lui-m\u00eame. Sa simplicit\u00e9, son humilit\u00e9 et sa g\u00e9n\u00e9rosit\u00e9 de coeur font de lui un compagnon de marche unique.<\/p>\n\n\n\n<p class=\"has-text-align-center has-tertiary-color has-text-color has-link-color wp-elements-68e7ac86c7f3ee5d2edc16e19e15c9d9\"><em>\u00ab&nbsp;Le d\u00e9sert est mon \u00e2me, c&rsquo;est le lieu o\u00f9 je trouve mon moi, et me rappelle mes anc\u00eatres et leurs traditions. Fils du d\u00e9sert, celui-ci est mon refuge et ma maison. J\u2019aime la vie simple, sous l\u2019ombre des palmiers, je m\u2019assieds en paix, et j\u2019\u00e9coute le silence. Tout cela me fait me sentir libre et satisfait de la vie&nbsp;\u00bb<\/em><\/p>\n<\/div>\n\n\n\n<div class=\"wp-block-column is-layout-flow wp-block-column-is-layout-flow\">\n<p class=\"has-text-align-center has-medium-font-size\">La Caravane<\/p>\n\n\n\n<p class=\"has-text-align-center\" style=\"margin-top:0;margin-right:var(--wp--preset--spacing--x-small);margin-bottom:0;margin-left:var(--wp--preset--spacing--x-small)\">Ali, Brahim, Ali, Hamza, Hassan, Ismael<\/p>\n\n\n\n<p class=\"has-text-align-center has-tertiary-color has-text-color has-link-color wp-elements-d7c0a9e5eabbc8e590e46613f02fe4c2\">Exp\u00e9riment\u00e9s et au service des voyageurs, nos nomades seront vos guides, chameliers, cuisiniers et chauffeurs. Chaque trek est unique, et l\u2019\u00e9quipe qui vous accompagnera peut varier en fonction des dates, pour que chaque exp\u00e9rience garde sa part de surprise et de magie. Ils partageront avec vous leur mode de vie, leur humour, leur savoir-faire et leur passion pour le d\u00e9sert. Entre rires, d\u00e9licieuse cuisine et moments de partage, ils feront tout pour que votre s\u00e9jour soit inoubliable.<\/p>\n\n\n\n<p class=\"has-text-align-center has-tertiary-color has-text-color has-link-color wp-elements-0bae34a581c7b25f6578e99cff6a098a\">Nous avons h\u00e2te de vous accueillir et de vous faire d\u00e9couvrir le d\u00e9sert \u00e0 travers les yeux de ceux qui le connaissent le mieux.<\/p>\n<\/div>\n\n\n\n<div class=\"wp-block-column is-layout-flow wp-block-column-is-layout-flow\">\n<p class=\"has-text-align-center has-medium-font-size\">Bianca<\/p>\n\n\n\n<p class=\"has-text-align-center\" style=\"margin-top:0;margin-right:0;margin-bottom:0;margin-left:0\">Votre premier contact en France<\/p>\n\n\n\n<p class=\"has-text-align-center has-tertiary-color has-text-color has-link-color wp-elements-37b356375c1c7e66d408b61a2fcdee83\" style=\"margin-right:0;margin-left:0\">Une \u00e2me curieuse qui a voyag\u00e9 vers le d\u00e9sert afin de c\u00e9l\u00e9brer des changements de vie importants. Rapidement attir\u00e9e par la vie simple des nomades, le d\u00e9sert est devenue un refuge nourrissant au niveau du corps et de l\u2019\u00e2me.  Th\u00e9rapeute, \u00e9nerg\u00e9ticienne et artiste peintre, le d\u00e9sert est devenu une source d\u2019inspiration puissante.<\/p>\n\n\n\n<p class=\"has-text-align-center has-tertiary-color has-text-color has-link-color wp-elements-5bef0d6903a450960df0eda3ba6307ef\"><em>\u00ab&nbsp;Je suis l\u00e0 pour r\u00e9pondre \u00e0 toutes vos questions et vous aider \u00e0 transformer vos envies en une aventure unique, adapt\u00e9 \u00e0 vos besoins. Comme vous l\u2019enseignerons les nomades, il n\u2019y a jamais de probl\u00e8mes que des solutions &#8211; Makane Mochkile\u00bb<\/em><\/p>\n<\/div>\n<\/div>\n\n\n\n<p class=\"has-text-align-center has-large-font-size\">Aux origines de la magie du d\u00e9sert<\/p>\n\n\n\n<p class=\"has-text-align-center\"><em>La Magie du D\u00e9sert est n\u00e9e d\u2019une rencontre inattendue, entre deux univers qui n\u2019auraient jamais d\u00fb se rencontrer mais r\u00e9unis par une m\u00eame \u00e9vidence : le d\u00e9sert transforme ceux qui le traversent.<\/em><\/p>\n\n\n\n<p class=\"has-text-align-center\"><em>D\u2019un c\u00f4t\u00e9, un nomade qui n\u2019a jamais quitt\u00e9 son d\u00e9sert. De l\u2019autre, une fran\u00e7aise  qui n\u2019\u00e9tait jamais partie de chez elle seule. Le d\u00e9but d\u2019une aventure un peu folle : entre eux, peu de mots en commun pour d\u00e9marrer, mais beaucoup de rires, de regards, et une connexion authentique. Dans le silence du d\u00e9sert, sans artifice, quelque chose de plus grand s\u2019est tiss\u00e9 : une rencontre vraie, une exp\u00e9rience humaine qui d\u00e9passe les mots.<\/em><\/p>\n\n\n\n<p class=\"has-text-align-center\"><em>De cette alchimie est n\u00e9e une id\u00e9e : partager cette magie avec d\u2019autres. Car marcher dans le d\u00e9sert, c\u2019est vivre \u00e0 la fois l\u2019essentiel et l\u2019extraordinaire. C\u2019est un voyage o\u00f9 chacun peut trouver ce qu\u2019il est venu chercher : l\u2019aventure, la l\u00e9g\u00e8ret\u00e9, le silence, le rire, le repos, le d\u00e9passement de soi\u2026 ou simplement la joie de partager.<\/em><\/p>\n\n\n\n<p class=\"has-text-align-center\"><em>C\u2019est ainsi qu\u2019est n\u00e9&nbsp;<strong>La Magie du D\u00e9sert<\/strong>&nbsp;: une invitation \u00e0 venir marcher \u00e0 nos c\u00f4t\u00e9s et \u00e0 d\u00e9couvrir, \u00e0 travers le d\u00e9sert, une part de vous-m\u00eame. Car ici, plus que jamais,&nbsp;<strong>l\u2019\u00e2me agit\u2026 et c\u2019est l\u00e0 que na\u00eet la magie<\/strong><\/em>.<\/p>\n\n\n\n<p><\/p>\n\n\n\n<div class=\"wp-block-cover alignfull is-light\" style=\"padding-top:50px;padding-right:50px;padding-bottom:50px;padding-left:50px;min-height:316px;aspect-ratio:unset;\"><img loading=\"lazy\" decoding=\"async\" width=\"2048\" height=\"1536\" class=\"wp-block-cover__image-background wp-image-249 size-full\" alt=\"\" src=\"http:\/\/lamagiedudesert.com\/wp-content\/uploads\/2025\/08\/IMG_1360.png\" data-object-fit=\"cover\" srcset=\"https:\/\/lamagiedudesert.com\/wp-content\/uploads\/2025\/08\/IMG_1360.png 2048w, https:\/\/lamagiedudesert.com\/wp-content\/uploads\/2025\/08\/IMG_1360-300x225.png 300w, https:\/\/lamagiedudesert.com\/wp-content\/uploads\/2025\/08\/IMG_1360-1024x768.png 1024w, https:\/\/lamagiedudesert.com\/wp-content\/uploads\/2025\/08\/IMG_1360-2000x1500.png 2000w\" sizes=\"auto, (max-width: 2048px) 100vw, 2048px\" \/><span aria-hidden=\"true\" class=\"wp-block-cover__background has-black-background-color has-background-dim-0 has-background-dim\"><\/span><div class=\"wp-block-cover__inner-container is-layout-flow wp-block-cover-is-layout-flow\">\n<p><\/p>\n<\/div><\/div>\n\n\n\n<p><\/p>\n","protected":false},"excerpt":{"rendered":"<p>Gardiens de l\u2019\u00e2me nomade, nous \u0153uvrons \u00e0 transmettre son authenticit\u00e9 intacte et vivante. Le d\u00e9sert n\u2019est pas seulement un paysage de sable et d\u2019horizons infinis. C\u2019est une terre vivante, un livre ouvert o\u00f9 chaque dune porte la m\u00e9moire des pas qui l\u2019ont travers\u00e9e. Depuis des g\u00e9n\u00e9rations, les nomades y tracent leur chemin, guid\u00e9s par les &hellip; <\/p>\n<p class=\"link-more\"><a href=\"https:\/\/lamagiedudesert.com\/index.php\/about\/\" class=\"more-link\">Lire la suite de<span class=\"screen-reader-text\">\u00ab\u00a0Qui sommes-nous ?\u00a0\u00bb<\/span><\/a><\/p>\n","protected":false},"author":1,"featured_media":711,"parent":0,"menu_order":0,"comment_status":"closed","ping_status":"closed","template":"","meta":{"footnotes":""},"class_list":["post-23","page","type-page","status-publish","has-post-thumbnail","hentry"],"featured_media_urls":{"thumbnail":["https:\/\/lamagiedudesert.com\/wp-content\/uploads\/2025\/09\/WhatsApp-Image-2025-08-28-at-19.10.03-150x150.jpeg",150,150,true],"medium":["https:\/\/lamagiedudesert.com\/wp-content\/uploads\/2025\/09\/WhatsApp-Image-2025-08-28-at-19.10.03-300x169.jpeg",300,169,true],"medium_large":["https:\/\/lamagiedudesert.com\/wp-content\/uploads\/2025\/09\/WhatsApp-Image-2025-08-28-at-19.10.03.jpeg",768,432,false],"large":["https:\/\/lamagiedudesert.com\/wp-content\/uploads\/2025\/09\/WhatsApp-Image-2025-08-28-at-19.10.03-1024x576.jpeg",950,534,true],"1536x1536":["https:\/\/lamagiedudesert.com\/wp-content\/uploads\/2025\/09\/WhatsApp-Image-2025-08-28-at-19.10.03.jpeg",1280,720,false],"2048x2048":["https:\/\/lamagiedudesert.com\/wp-content\/uploads\/2025\/09\/WhatsApp-Image-2025-08-28-at-19.10.03.jpeg",1280,720,false],"inspiro-featured-image":["https:\/\/lamagiedudesert.com\/wp-content\/uploads\/2025\/09\/WhatsApp-Image-2025-08-28-at-19.10.03.jpeg",1280,720,false],"inspiro-loop":["https:\/\/lamagiedudesert.com\/wp-content\/uploads\/2025\/09\/WhatsApp-Image-2025-08-28-at-19.10.03-950x320.jpeg",950,320,true],"inspiro-loop@2x":["https:\/\/lamagiedudesert.com\/wp-content\/uploads\/2025\/09\/WhatsApp-Image-2025-08-28-at-19.10.03-1280x640.jpeg",1280,640,true],"portfolio_item-thumbnail":["https:\/\/lamagiedudesert.com\/wp-content\/uploads\/2025\/09\/WhatsApp-Image-2025-08-28-at-19.10.03-600x400.jpeg",600,400,true],"portfolio_item-thumbnail@2x":["https:\/\/lamagiedudesert.com\/wp-content\/uploads\/2025\/09\/WhatsApp-Image-2025-08-28-at-19.10.03-1200x720.jpeg",1200,720,true],"portfolio_item-masonry":["https:\/\/lamagiedudesert.com\/wp-content\/uploads\/2025\/09\/WhatsApp-Image-2025-08-28-at-19.10.03-600x338.jpeg",600,338,true],"portfolio_item-masonry@2x":["https:\/\/lamagiedudesert.com\/wp-content\/uploads\/2025\/09\/WhatsApp-Image-2025-08-28-at-19.10.03-1200x675.jpeg",1200,675,true],"portfolio_item-thumbnail_cinema":["https:\/\/lamagiedudesert.com\/wp-content\/uploads\/2025\/09\/WhatsApp-Image-2025-08-28-at-19.10.03-800x335.jpeg",800,335,true],"portfolio_item-thumbnail_portrait":["https:\/\/lamagiedudesert.com\/wp-content\/uploads\/2025\/09\/WhatsApp-Image-2025-08-28-at-19.10.03-600x720.jpeg",600,720,true],"portfolio_item-thumbnail_portrait@2x":["https:\/\/lamagiedudesert.com\/wp-content\/uploads\/2025\/09\/WhatsApp-Image-2025-08-28-at-19.10.03-1200x720.jpeg",1200,720,true],"portfolio_item-thumbnail_square":["https:\/\/lamagiedudesert.com\/wp-content\/uploads\/2025\/09\/WhatsApp-Image-2025-08-28-at-19.10.03-800x720.jpeg",800,720,true]},"_links":{"self":[{"href":"https:\/\/lamagiedudesert.com\/index.php\/wp-json\/wp\/v2\/pages\/23","targetHints":{"allow":["GET"]}}],"collection":[{"href":"https:\/\/lamagiedudesert.com\/index.php\/wp-json\/wp\/v2\/pages"}],"about":[{"href":"https:\/\/lamagiedudesert.com\/index.php\/wp-json\/wp\/v2\/types\/page"}],"author":[{"embeddable":true,"href":"https:\/\/lamagiedudesert.com\/index.php\/wp-json\/wp\/v2\/users\/1"}],"replies":[{"embeddable":true,"href":"https:\/\/lamagiedudesert.com\/index.php\/wp-json\/wp\/v2\/comments?post=23"}],"version-history":[{"count":91,"href":"https:\/\/lamagiedudesert.com\/index.php\/wp-json\/wp\/v2\/pages\/23\/revisions"}],"predecessor-version":[{"id":445,"href":"https:\/\/lamagiedudesert.com\/index.php\/wp-json\/wp\/v2\/pages\/23\/revisions\/445"}],"wp:featuredmedia":[{"embeddable":true,"href":"https:\/\/lamagiedudesert.com\/index.php\/wp-json\/wp\/v2\/media\/711"}],"wp:attachment":[{"href":"https:\/\/lamagiedudesert.com\/index.php\/wp-json\/wp\/v2\/media?parent=23"}],"curies":[{"name":"wp","href":"https:\/\/api.w.org\/{rel}","templated":true}]}}